 + 145 = 4*n - 1341, 4*n = 3*z - 2229. Let t = -232 + z. What is the hundreds digit of t?
5
Let g(r) be the first derivative of -r**4/4 + 11*r**3/3 + 5*r**2 + 15*r + 1. Suppose 15*t - 144 - 21 = -15. What is the tens digit of g(t)?
1
Suppose -3*w + 6*w = 0, w - 54 = 3*u. Let v be 214/10 - u/(-45). Suppose 2*c - 13 - v = 0. What is the tens digit of c?
1
Let q(v) be the second derivative of -3*v**3 - 5*v**2 - v. Suppose -w - 1 = -3*b + 2*b, 5*b + w + 31 = 0. What is the units digit of q(b)?
0
Let g = 60958 + -34068. What is the tens digit of g?
9
What is the thousands digit of (-117)/351 + (-40)/(-3) - -66780?
6
Let h = 67 + -62. Let g(u) = 76*u - 1. What is the hundreds digit of g(h)?
3
Let v = 83 + -41. Suppose 0 = -d - 5*d + v. Suppose o + 576 = d*o. What is the tens digit of o?
9
Let j be 178/(-979) - (-328)/(-11). What is the units digit of (j/6)/((-15)/108)?
6
Suppose 0*i - 5*s - 3710 = -i, 14915 = 4*i - 5*s. What is the hundreds digit of i?
7
Suppose 5*o + b = -407, -b - 4*b - 313 = 4*o. Let n be (-1500)/22 - 35/((-2695)/14). Let z = n - o. What is the units digit of z?
4
Let k(a) = 2311*a**2 - 10*a + 170. What is the units digit of k(4)?
6
Suppose 2*n - 11*n + 9 = 0. Let f be ((-54)/(-15))/((-1)/(-130)*n). Suppose 8*k = 5*k + f. What is the tens digit of k?
5
Let s = 6 - 124. Let v = s - -188. What is the units digit of v?
0
Suppose 5*d = -2*k - 35, 2*k - 5 = 3*k. Let b(q) = 2*q**2 + 14*q + 22. Let o be b(d). Let x(w) = 26*w**2 - 3*w + 2. What is the tens digit of x(o)?
0
Let h = 17189 + -2662. What is the ten thousands digit of h?
1
Let n(m) = 2*m - 5. Let z(p) = 2*p - 6. Let i(h) = -6*n(h) + 5*z(h). Let a be i(-3). Let b(d) = d**3 - 3*d**2 - 7*d + 8. What is the units digit of b(a)?
4
Let g be ((-20)/(-15))/((-4)/(-12)). Suppose 8*q = g*q + 16. Suppose 0 = q*u + a - 582, -4*u - u + 2*a + 734 = 0. What is the hundreds digit of u?
1
Suppose -2*p + 3*d = 8*d - 13, 2*p + 7*d - 15 = 0. What is the units digit of p?
4
Suppose -9*f + 2*f = -119. Let j(m) = m**2 - 16*m - 13. Let i be j(f). Suppose 0 = -i*l + 20, 5*u = 9*l - 7*l + 1250. What is the tens digit of u?
5
Suppose -8*x + 42 + 214 = 0. What is the tens digit of 1432/x*12 + -3 + 7?
4
Suppose -18*m - 27*m - 62011 + 286381 = 0. What is the units digit of m?
6
Let f = -134 - -182. Suppose -6*o + 0*o + 12 = 0. Suppose o*l + f = 6*l. What is the units digit of l?
2
Suppose 6*r - 8*r = -348. Let h = -73 + r. What is the hundreds digit of h?
1
Suppose 4 - 16 = -6*x. Suppose s - 1 = -x*a, 0*s - 5*s - 28 = -a. Suppose -5 = p, -5*k + 710 = -a*p + 230. What is the units digit of k?
3
Suppose 4*f - 2 = -2*a, 2*f + 2 = -a + f. Let g be -1 - (a + 0 + -305). Suppose 0 = 6*m - g - 933. What is the hundreds digit of m?
2
Let s = -390 + 392. What is the thousands digit of (-3)/2 + 3/s + 1172?
1
Suppose 5*z + 2*j - 38 = 0, -8 = -z - z + j. Let u be (-358)/6 - 2/z - 3. Let y = 37 - u. What is the tens digit of y?
0
What is the ten thousands digit of (-1 + -1)*1372461/(-102)?
2
Let f(m) = 7 - 10 + 4 - 4*m. Let h be f(-13). Suppose 2*r + h = 5*u, -4*u + r + 32 = 2*r. What is the units digit of u?
9
Let j(q) be the first derivative of q**6/360 + q**5/24 - 3*q**4/8 + 29*q**3/3 - 11. Let r(y) be the third derivative of j(y). What is the tens digit of r(-9)?
2
Let o(d) = -d**3 - 6*d**2 + d - 40. Let l be o(-7). Suppose -l*h = -3*h + 946. What is the tens digit of h?
4
Let n be ((-126)/(-3))/(6/8). Let z be n*(6 + -43) - (0 - 0). What is the tens digit of (-3)/4 + z/(-32)?
6
Let h = -65 + 65. Suppose 5*w + 5*w - 310 = h. Let b = 187 - w. What is the tens digit of b?
5
Let d(x) = 3*x + 25. Let o be d(-9). What is the units digit of o - (-2 + -706 + (-5)/5)?
7
Suppose -s = -n + 20, -2*s - 5 + 65 = 3*n. Suppose -1360 = n*b - 5460. What is the tens digit of b?
0
Let x = -225 - -99. Let s be (-2)/(-8) - x/8. Suppose -9*f + s*f = 784. What is the units digit of f?
2
What is the units digit of (-2)/4*-166*(210 - -14)?
2
Suppose -3*w = 5*q + 3985, 9*q - 1594 = 11*q - 2*w. Let s = q + 1138. What is the tens digit of s?
4
Suppose 41*c = 38*c - 3*w + 2244, 3716 = 5*c - w. What is the tens digit of c?
4
Suppose -2087008 = -238*d - 4*d. What is the hundreds digit of d?
6
Let w = 385 + -564. Let u = 88 - w. What is the hundreds digit of u?
2
Let i = 1558 + -412. Suppose -i = -4*n - 2*q, -171 - 129 = -n + 4*q. Suppose 357 + n = 5*j. What is the units digit of j?
9
Suppose 25 = -5*k, 4*f = 2*f - k + 5. Suppose -20 = -m - 3*m, 5*m = -f*u + 4600. What is the units digit of u?
5
Suppose -45*c + 36*c = 54. What is the units digit of ((-1731)/c)/(3 - (-15)/(-6))?
7
Let s be 152/(-5) - 16/(-40). Let r = 28 + s. Let g(a) = 4*a**2 + a + 3. What is the tens digit of g(r)?
1
Let g be (-121359)/(-49) + 4 - 2/(-7). Suppose -5*o + g = -449. What is the tens digit of o?
8
Suppose 30*a - 2153 = 6667. What is the units digit of a?
4
Suppose -4*p + 10*p = 66. Suppose 8*f + 12 = p*f. Suppose 3*x + x = -5*d + 333, f*x = 3*d - 219. What is the tens digit of d?
6
What is the hundreds digit of ((-4767)/(-14))/((-9)/54*-3)?
6
Suppose -2*a = 3*v - 5839 + 1905, -4*v + 7860 = 4*a. Suppose 11*p - a - 2956 = 0. What is the units digit of p?
7
Let i(u) be the third derivative of -u**5/60 + u**4/4 + u**3/3 + 5*u**2. Let s be i(6). Let t(g) = 26*g**2 + 4*g - 3. What is the hundreds digit of t(s)?
1
Let k be 11 - (4 + 1) - (-3 + -114). Suppose k = 4*z - 193. What is the units digit of z?
9
Suppose -5*d + 92247 = -2*j - 220160, 2*j + 2 = 0. What is the units digit of d?
1
Let m(u) be the first derivative of 19*u**5/40 + u**4/12 - 26*u**3/3 + 12. Let h(s) be the third derivative of m(s). What is the units digit of h(1)?
9
Suppose -12*w + 4199 = -45061. What is the hundreds digit of w?
1
Let q(y) = y**2 + 2*y - 10. Let u be q(3). Suppose -2563 + 728 = -u*l. What is the units digit of l?
7
Let c(o) = 24*o - 1. Let y(g) = 47*g - 2. Let h(i) = -7*c(i) + 3*y(i). Suppose -3*x = -4*d - 1, -2*x = -6*x - d - 5. What is the units digit of h(x)?
8
Let z(w) = w**3 + 3*w**2 - 7*w + 2. Let l be z(-5). Let u(g) = g**2 + 13*g + 3. Let m be u(l). What is the units digit of 452/m + 8/(-12)?
0
Suppose z + 3*v - 9015 = 0, 5*v + 12515 + 5460 = 2*z. Suppose 50*g - z = 30*g. What is the units digit of g?
0
Let t be -4*((-45)/(-10) - (6 - 1)). Suppose u + 3*s - 307 - 398 = 0, t*u - 4*s - 1440 = 0. What is the tens digit of u?
1
Suppose 191 = 3*d + 5*c - 0*c, -2*d = 5*c - 129. Suppose -7*p + 14 = -0. Suppose d - 412 = -p*f. What is the hundreds digit of f?
1
Suppose 4054923 = 126*y - 57*y. What is the thousands digit of y?
8
Let j(m) be the first derivative of m**2 + 7*m - 9. Suppose 14 = 7*s - 49. What is the tens digit of j(s)?
2
Let m(l) = -4*l**2 + 25*l + 125. Let d(x) = x**2 - 6*x - 31. Let v = 1 - -8. Let c(s) = v*d(s) + 2*m(s). What is the units digit of c(13)?
8
Suppose -28 = -2*b - 110. Let u = 56 + b. Suppose 0 = 3*n - u, 79 = -0*i + i + 4*n. What is the tens digit of i?
5
Let b = -6686 - -15453. What is the hundreds digit of b?
7
Let r be (-2)/6*3*-105. Let k(q) = -q**2 - 33*q + 70. Let x be k(2). Suppose x = -4*s + 311 + r. What is the hundreds digit of s?
1
Let j = 9354 - -1405. What is the hundreds digit of j?
7
Suppose 0*u + o = -5*u + 40, -2*o = u + 1. Let s be 2*(u/(-2))/3 - -1. What is the tens digit of s + -4 + 5 - -50?
4
Let m(a) = 11*a**2 + a + 35. Let x(r) = r**2 + 2*r - 1. Let j(h) = m(h) + 6*x(h). What is the units digit of j(-2)?
1
Let s be 904 + -2 + (3 - -2) - 1. Let l = -65 + s. What is the units digit of l?
1
Suppose -3*j - 540 = -8*j. Let s = j + -105. Suppose 1659 = 5*z - 5*x + 484, 2*x = s*z - 703. What is the units digit of z?
3
Suppose -2*q + 210 = -4*x, q - 5*x - 7 = 107. Suppose h - 2*r + 6*r = 37, -2*h - 3*r + q = 0. What is the units digit of h?
7
Let z = 14760 + -10387. What is the hundreds digit of z?
3
What is the tens digit of (55866/(-18) - 5)/(9 + 87/(-9))?
6
Suppose 0 = -16*v + 27*v + 27*v - 141398. What is the tens digit of v?
2
Let r = 111 - 27. Suppose 156 = 3*z - r. What is the tens digit of z?
8
Let x be ((-3)/(-12))/((-3)/(-12)). Suppose -2*i = -7*i - 4*u - 4, -u - x = -4*i. Suppose -4*l + 6*l - 264 = i. What is the hundreds digit of l?
1
Let u(a) = 208*a + 723. What is the thousands digit of u(30)?
6
Let n = -47 - -51. Suppose 4